- 3beed8e?
-3beed8d
In base 5, what is 23340 - -11134?
40024
In base 4, what is 10 + -1130231032220?
-1130231032210
In base 14, what is 2d + -182b?
-17dc
In base 8, what is -25 + -17642244?
-17642271
In base 10, what is -3146 - -2077?
-1069
In base 7, what is 13011504 - -153?
13011660
In base 9, what is -11868 + -43684?
-55663
In base 11, what is -2a3778a + -11?
-2a377a0
In base 3, what is -11100202 - -2211?
-11020221
In base 3, what is 2120021101 - -100002?
2120121110
In base 4, what is -223100 - 211130?
-1100230
In base 12, what is 12250bb - 2?
12250b9
In base 3, what is -122101 - 1102000012?
-1102122120
In base 6, what is 4 - 1555553020?
-1555553012
In base 4, what is 10202130011 + 10?
10202130021
In base 14, what is -3206 + -22255?
-2545b
In base 5, what is -11402024124 - 103?
-11402024232
In base 8, what is 0 + 337553217?
337553217
In base 13, what is -4 + -16662a?
-166631
In base 14, what is -5bc670ba - -5?
-5bc670b5
In base 15, what is -2065 - -2513?
49d
In base 6, what is -3114315515 - 20?
-3114315535
In base 10, what is -61270 + -103?
-61373
In base 10, what is 5 - -41658976?
41658981
In base 14, what is -3db64 - -91?
-3dab3
In base 3, what is -2200102211122011 + -21?
-2200102211122102
In base 13, what is -26ac + -648a?
-8b69
In base 5, what is -2001313 - 4122?
-2010440
In base 14, what is -4 + da23495?
da23491
In base 15, what is 407 + -2575?
-216d
In base 4, what is -1 - 30032300310121?
-30032300310122
In base 3, what is -10111021210 - -12112120?
-10021202020
In base 4, what is -3 + -13203020213100?
-13203020213103
In base 11, what is -1 + -17390139?
-1739013a
In base 12, what is -3 + -34301663?
-34301666
In base 10, what is -66 - -516499?
516433
In base 4, what is -1030130 - 3132223?
-10223013
In base 15, what is -1c1 + 23c6?
2205
In base 4, what is -2 - 1103000323000?
-1103000323002
In base 16, what is 45 - 38ee3?
-38e9e
In base 7, what is 61114635 + 211?
61115146
In base 9, what is 770 + 846007?
846777
In base 12, what is -2b43 + -731?
-3674
In base 6, what is -11305 - -54031?
42322
In base 13, what is -81ca68 + -1?
-81ca69
In base 13, what is -9a3b43a0 + 0?
-9a3b43a0
In base 6, what is 42033013 + -2?
42033011
In base 7, what is -246632356 - -5?
-246632351
In base 5, what is 24011320131 - 21?
24011320110
In base 14, what is aa88 + -b2?
a9b6
In base 12, what is 1 + -636a268?
-636a267
In base 16, what is -d5727 + 97?
-d5690
In base 4, what is 2 - 212102202000?
-212102201332
In base 3, what is -2220001 + -2002122?
-11222200
In base 15, what is 2ece - 1d0a?
11c4
In base 6, what is 121212 + -1101?
120111
In base 6, what is 35 - -2200032?
2200111
In base 15, what is 3 + -505ecb9?
-505ecb6
In base 5, what is 1233 + 411444134?
412000422
In base 12, what is 3 + 7131b?
71322
In base 12, what is 164a4 + 334?
16818
In base 9, what is 4 - -2202417?
2202422
In base 15, what is -9 + -1ceede?
-1ceee8
In base 8, what is 10304315 + -1?
10304314
In base 2, what is 1001 - -10111000001110110000110?
10111000001110110001111
In base 11, what is 178a153 + -14?
178a13a
In base 3, what is 1102 - 121212212?
-121211110
In base 13, what is 160 + b52ab3?
b52c43
In base 14, what is 33c + 7093?
73d1
In base 16, what is -2d + -cb36a?
-cb397
In base 12, what is -14b01b424 + -5?
-14b01b429
In base 12, what is -b - -75663a6?
7566397
In base 5, what is -23224214432 - 4?
-23224214441
In base 8, what is -124 - -767536?
767412
In base 10, what is -1 + -66937893?
-66937894
In base 11, what is -1119979 + -15?
-1119993
In base 11, what is -317 + -19430?
-19747
In base 13, what is -3a66aaa - 0?
-3a66aaa
In base 11, what is -1019815 + 3?
-1019812
In base 12, what is -b7650842 + -2?
-b7650844
In base 6, what is -4310451 - -15?
-4310432
In base 3, what is -1 + -2102111012211?
-2102111012212
In base 2, what is -10000111101110101 - 100011001?
-10001000010001110
In base 9, what is -11 + -343168?
-343180
In base 14, what is 2 - -122247?
122249
In base 16, what is a74e - -8f?
a7dd
In base 7, what is 151043 - -225?
151301
In base 10, what is -436168 - -131?
-436037
In base 3, what is 201001 + -220201212020?
-220201011012
In base 2, what is 10 + 1010000010000110010101000?
1010000010000110010101010
In base 5, what is -3033 - -303333?
300300
In base 15, what is 10 + -642eb5?
-642ea5
In base 8, what is -211027667 - -5?
-211027662
In base 5, what is -3134132 - 3411?
-3143043
In base 3, what is -10210212201 + -100001020?
-11010220221
In base 10, what is -3903 + 10043?
6140
In base 9, what is 3051 - 142?
2808
In base 8, what is -6 + -72441177?
-72441205
In base 15, what is -16aa3c + -2e?
-16aa6b
In base 14, what is -5401da + 0?
-5401da
In base 11, what is -92973418 + 0?
-92973418
In base 13, what is -1740a + -11c2?
-185cc
In base 12, what is -437aa5 + 4b6?
-4375ab
In base 11, what is -9a + 94730?
94641
In base 14, what is -262b + 145d?
-11ac
In base 15, what is 3d - -18dc8?
18e16
In base 15, what is -1329396 - 5?
-132939b
In base 13, what is -2 + -9b84b08?
-9b84b0a
In base 14, what is 6c8313 - 11?
6c8302
In base 4, what is -32032332212 - -1?
-32032332211
In base 8, what is 1773 - 121520?
-117525
In base 2, what is 1011 - -11111001001011110?
11111001001101001
In base 3, what is -12211222111111 - -102021?
-12211222002020
In base 8, what is 1 + 65750704?
65750705
In base 15, what is -6bb + 9dda?
971e
In base 16, what is 10e279 + -4?
10e275
In base 7, what is 241 - 2650453?
-2650212
In base 12, what is -8 - -2a37b9?
2a37b1
In base 16, what is -5 - -5c399cf?
5c399ca
In base 10, what is -1605 - 119?
-1724
In base 13, what is -7b + -155a7c?
-155b2a
In base 9, what is 4485 + 2870?
7465
In base 14, what is 28 - 36585?
-3655b
In base 6, what is -5100040 + 103503?
-4552133
In base 4, what is -13110 + -1203210?
-1222320
In base 11, what is 388a - -6339?
a118
In base 10, what is -4427232 + 5?
-4427227
In base 13, what is 78b48c0 - -2?
78b48c2
In base 7, what is 14 - -210641?
210655
In base 15, what is 12e + -8025?
-7de6
In base 15, what is -a + -1b58b21?
-1b58b2b
In base 4, what is -11 + -1303010203?
-1303010220
In base 8, what is -33612 + 12003?
-21607
In base 8, what is 3 - -1517452?
1517455
In base 7, what is 2 - 423262460?
-423262455
In base 5, what is -10 - -32240210144?
32240210134
In base 10, what is 58691771 + 2?
58691773
In base 9, what is 4 - 3224831?
-3224826
In base 15, what is 28d9 + -4dd?
23eb
In base 3, what is 100010111 + -1000210201?
-200200020
In base 7, what is 5365 - 103456?
-65061
In base 3, what is -20 + -102110101020212001?
-102110101020212021
In base 6, what is 1002443131 - 10?
1002443121
In base 3, what is 222 + -200110201200000?
-200110201122001
In base 2, what is -100 + 111101110011011000001?
111101110011010111101
In base 8, what is 53035 + 14477?
67534
In base 3, what is -11122020000200001 - 1?
-11122020000200002
In base 15, what is -7030e4 + -3?
-7030e7
In base 2, what is 1010111001001010 + -10001000011000?
1000110000110010
In base 5, what is -22 - -41040340?
41040313
In base 2, what is 101 - -1000100100111000011110?
1000100100111000100011
In base 16, what is -1 - 32123f?
-321240
In base 15, what is -a60 - 813?
-1373
In base 2, what is 10 + -1011000111101100011110?
-1011000111101100011100
In base 6, what is 120310421 - -5?
120310430
In base 12, what is 303402 + 430?
303832
In base 9, what is -321482476 - 5?
-321482482
In base 2, what is -1001010000100110 - 10110?
-1001010000111100
In base 4, what is -31030 + -110331?
-202021
In base 13, what is -1 + -8769015?
-8769016
In base 14, what is -15b8 + 88da?
7322
In base 5, what is 141022420 + 2130?
141030100
In base 3, what is -10 - -112000111222020?
112000111222010
In base 2, what is -100100101011011100101 - 11010?
-100100101011011111111
In base 9, what is -83 + -14242?
-14335
In base 8, what is -226150 + -221?
-226371
In base 10, what is 1596 + -1433?
163
In base 7, what is 22614343 + -6?
22614334
In base 8, what is -3556237 - 2?
-3556241
In base 15, what is 7 + be60a?
be612
In base 9, what is 111 + -12852401?
-12852280
In base 14, what is -2a5264d - 3?
-2a52652
In base 8, what is 10100 - 132313?
-122213
In base 7, what is 133255536 - -32?
133255601
In base 8, what is -13545 + 11637?
-1706
In base 7, what is -1 + -36036632?
-36036633
In base 15, what is 3 + -163bc342?
-163bc33e
In base 13, what is -62022 - 34a?
-6236c
In b